) = 736*s + 420. Let n be c(2). What is the highest common divisor of 516 and n?
172
Suppose -37*g + 47*g = 70. Let n be 105 + (-8 + 8 - 7). Calculate the highest common factor of g and n.
7
Let z be (-1 - 9)*((-54)/(-12) + -5). Let q = 15 + z. Calculate the highest common factor of 100 and q.
20
Let o(r) = r**3 - 24*r**2 - 3*r + 72. Let k be o(24). Suppose k = 6*p - 809 - 103. What is the greatest common factor of p and 8?
8
Let t = -1155 - -1162. Calculate the greatest common divisor of t and 322.
7
Suppose -73 = -3*h - 2*j, 4*h + j - 5*j - 124 = 0. What is the greatest common factor of 3447 and h?
9
Let z be ((-16)/(-64))/(10/128)*10. Suppose 27*o - 1205 = 8731. Calculate the greatest common divisor of z and o.
16
Suppose 0 = -5*t - 2*s + 8, 17*s = 18*s - 4. Suppose -5*p - 30 + 92 = i, -i - 4*p + 58 = t. What is the greatest common divisor of i and 364?
14
Let v be 1 + (-3 - (-3 - -2)). Let q be ((-13095)/18 - 1/2)/v. Suppose -12*j = -1792 - q. Calculate the greatest common divisor of j and 21.
21
Let x = 38 - 120. Let k = x + 114. What is the greatest common factor of 2 and k?
2
Let d be 19/1 - (-2 + 4). Let o(y) = 96*y + 905. Let t be o(-5). Calculate the highest common divisor of d and t.
17
Let n be (-6)/(-15) - (-412)/20. Suppose 5*r = -5*c + 10 + 15, 2*c = 2*r + 14. Calculate the highest common factor of c and n.
3
Suppose 3*x - 5*s - 179 = 0, 31*x - 2*s = 34*x - 214. What is the highest common factor of x and 15878?
34
Suppose -25*j - 6 = -27*j. Suppose -121 + 343 = j*a. Suppose -3*m - a = -5*l - 678, 0 = -2*m - l + 407. What is the highest common factor of 29 and m?
29
Let d = -8 - -105. Let k be (4/(-6))/(2/3) + d. What is the highest common divisor of 36 and k?
12
Suppose -8 = 2*s, 3*s - 4295 = -f + 4227. Calculate the highest common divisor of f and 34.
34
Let d be (-4)/(6/(-228)*4). What is the highest common factor of d and 1938?
38
Let s(r) = -r**3 - 8*r**2 + 2*r + 7. Let w(q) = q**3 + 18*q**2 + 16*q - 27. Let t be w(-17). Let j be s(t). Calculate the highest common divisor of j and 34.
17
Let a(o) = 6*o - 44. Let t be a(8). Suppose 0 = q - t*k - 92, 0 = -4*q - 4*k - k + 473. Calculate the highest common factor of q and 32.
16
Let s be 50/(-5)*(-17)/85. What is the highest common divisor of 658 and s?
2
Suppose 3*x - 11*n = -7*n + 437, -2*x - 4*n = -278. Calculate the greatest common divisor of x and 117.
13
Let y(w) = -w**3 - 4*w**2 + 54*w + 23. Let z be y(-10). Suppose z*d - 82*d - 756 = 0. Calculate the highest common divisor of 42 and d.
42
Let l(c) = -c**3 - c**2 + 31*c + 30. Let o be l(-6). What is the highest common factor of 4848 and o?
24
Let y(w) = -w**3 + 63*w**2 + 2*w - 36. Let q be y(63). What is the greatest common divisor of q and 4275?
45
Suppose 72*b = 75*b + u - 1652, 4*b + 4*u = 2216. Let z(s) = 35*s - 9. Let c be z(2). What is the highest common factor of b and c?
61
Suppose -20*k = -7988 + 5908. What is the highest common factor of k and 3302?
26
Let c be 42/(-28)*(-2500)/75. Calculate the greatest common divisor of c and 4925.
25
Let h be (-8)/(-24) - (89/(-3) + 3). Suppose 0 = h*d - 7*d - 1440. Calculate the highest common divisor of d and 504.
72
Let g(o) = -14*o - 119. Let k be (5 + (-138)/(-18))/(6/(-9)). Let z be g(k). Calculate the greatest common factor of z and 105.
21
Suppose -r - 3*y - 8 = -29, 0 = -4*y - 16. Suppose -300*a + 152*a - 149*a - 227*a + 7860 = 0. What is the greatest common divisor of a and r?
3
Let c(t) = -2*t**2 - 19*t + 25. Let x be c(-9). Let o = -777 - -789. Calculate the greatest common factor of o and x.
2
Suppose 5 = g - 5*w, 4*w - 101 = -5*g + 40. Let b = g + -20. Suppose d + 73 = 6*d + 2*l, b*l + 5 = 0. What is the highest common factor of d and 30?
15
Let x(y) = -16*y - 32. Let q(w) = -104 - 6*w + 130 - 16*w**2 - 7*w - w**3. Let f be q(-15). Let g be x(f). What is the greatest common factor of g and 32?
32
Let y be 2133/6*(312/72 - 1). Calculate the greatest common factor of 948 and y.
237
Let c be (4/14)/((5 - 4)/329). Let v = -69 + c. Let h(o) = -o**3 - 8*o**2 - 7*o - 6. Let n be h(-8). What is the highest common factor of n and v?
25
Let r be 11/22*(1 + 1)*-205. Let k = r + 91. Let v be -2*k/8 - (-60)/40. Calculate the highest common divisor of 10 and v.
10
Let g(k) = -k**3 - 7*k**2 - k + 17. Let x be g(-7). Let o be (-276)/(-14) - x/(-84). Let i be 5/o + 1389/12. Calculate the greatest common divisor of i and 29.
29
Suppose -5*b - 3*x = -66, -33*b + 2*x - 84 = -39*b. Calculate the greatest common divisor of 375 and b.
15
Suppose 191 + 21 = 2*x. Let i = 612 - x. Calculate the greatest common divisor of 22 and i.
22
Suppose -5*u + 35 = -5*w, w + 2*w + 13 = -u. Suppose -d - 268 = -u*m, -8*d + 10*d = m - 131. Calculate the greatest common divisor of m and 5.
5
Suppose 580 = 4*n + 500. Let t be (-1 - 42)/(1*(-10)/n). What is the greatest common divisor of t and 473?
43
Let d = 2485 - 309. Calculate the highest common divisor of 17 and d.
17
Let y = 18 + -10. Let t be (((-320)/(-12))/y)/((-4)/(-6)). Suppose 0 = -t*m + 29 + 51. What is the greatest common factor of 112 and m?
16
Let f be ((-750)/(-45) + -14)*54*2/8. Let c be 2/(-6) - 514*1/(-3). What is the greatest common factor of f and c?
9
Suppose 19*y - 98 = 168. Let f(r) be the second derivative of -r**3/2 - r**2 + 4*r. Let s be f(-3). What is the highest common divisor of s and y?
7
Let c = -6 + 13. Suppose -c = -y + u + 2, 0 = y - 2*u - 14. Calculate the greatest common factor of 76 and y.
4
Let c(f) = 3*f**3 - 12*f**2 + 33*f - 53. Let o be c(12). What is the greatest common factor of 131 and o?
131
Let l = 233 + -175. Suppose -2*s = -s - l. What is the greatest common factor of s and 290?
58
Suppose -4*z = 5*k - 54, 78 = -97*z + 102*z + k. Let b = 516 - 260. Calculate the greatest common factor of b and z.
16
Let b = -12936 + 13026. What is the highest common factor of 4914 and b?
18
Let o be (25/(-1))/(-5)*(-1)/(-5). Let c be (o - -41)/((-147)/(-196)). What is the highest common divisor of c and 8?
8
Let t(i) = -i**3 - 11*i**2 - 3*i - 21. Let w = 82 - 93. Let o be t(w). Let m be 12/((-165)/(-40) + -4). Calculate the greatest common divisor of o and m.
12
Let l be (1 - -1 - -5248) + (-20 - -13 - -7). Calculate the highest common divisor of 63 and l.
21
Let u(b) = b + 1. Let p be u(4). Suppose 35 = 15*o - 40. Suppose -x = -4*g - 1 - 35, -o*x - 4*g + 204 = 0. What is the greatest common divisor of x and p?
5
Let w(g) = -2*g**3 + 39*g**2 - 17*g - 33. Let n be w(19). Let v be (170/(-136))/((-1)/16) + n. What is the highest common factor of v and 55?
5
Let a be (322/6)/((-1)/(-3)). Let u be 2 - 0/((-4)/4). Suppose 45 = u*p - 2*t - 7, -2*p + 4*t = -58. What is the highest common factor of a and p?
23
Suppose 0 = -103*p + 20*p - 83*p + 406368. Calculate the greatest common divisor of 32 and p.
16
Let j be (-2)/(-4) - 119/(-2). Suppose 15*g = 5*g + 30. Let i be (45/6 - g)*(-128)/(-24). What is the highest common factor of j and i?
12
Suppose -48*z + 8824 = 1816. What is the highest common factor of 219 and z?
73
Suppose -10*z = -6*z + 4*m - 80, -4*z = -3*m - 80. Suppose 0 = -373*s + 248*s + 88750. What is the highest common divisor of s and z?
10
Let f = -18873 - -18936. Let u(k) = -k - 2. Let l be u(-5). Calculate the highest common divisor of f and l.
3
Suppose 4*v = -4*a + 48, v - 2*v + 22 = 2*a. Let q(s) = s**3 - 4*s**2 - 15*s + 15. Let p be q(a). What is the highest common divisor of p and 15?
15
Suppose 4*m - 170 = 1258. Suppose -4*i + 1524 = 3*o + 1347, -i + 42 = o. Calculate the highest common divisor of m and i.
51
Suppose 5*v = -3*b - 126, 2*v = 8*b - 7*b - 46. Let q be (v/(-5))/(4456/(-320) + 14). Calculate the greatest common factor of q and 16.
16
Suppose 0 = -15*i + 19*i - 3*v - 19309, -4*i = 4*v - 19288. What is the greatest common factor of i and 772?
193
Let w be (77/(-5) + 6/(-6))/(14/(-35)). What is the highest common factor of w and 451?
41
Let k(d) = 9*d + 203. Let h be k(-22). Suppose -366 = -h*l - 261. What is the highest common divisor of l and 7?
7
Let f be 6/((-24)/4) - 9/((-63)/21112). Calculate the highest common factor of f and 804.
201
Let k(g) = -g**2 + 25*g - 11. Let l be k(5). Calculate the highest common divisor of l and 801.
89
Let y = -18 + 22. Suppose y*b = 0, -3*b - 11 = 4*m + 5. L